0*t + 16. Let l be d(11). Suppose o = -2*w + 58, -l*w - o + 116 = -w. List the prime factors of w.
29
Suppose -3*s + 7 = -5. Suppose n = -4*k + 3*k + 13, -4 = -k - s*n. Suppose -5*w + k + 9 = 0. List the prime factors of w.
5
Suppose 2*i + 16 = 5*t, 0 = -3*i + 4*i + 4*t - 5. Let c(s) = -11*s + 9. Let f(n) = -6*n + 5. Let k(m) = i*c(m) + 5*f(m). What are the prime factors of k(3)?
7
Let x be 3/3 - (-1)/1. Suppose 1 = -3*m - x. List the prime factors of 1*(1 - 3*m).
2
Let v = 113 + -66. List the prime factors of v.
47
Let q be (1 - 0 - 2) + -3. Let c = -4 - q. Suppose c - 24 = -4*w. What are the prime factors of w?
2, 3
Suppose 0*g - 10 = -2*g. Let f = g + -7. Let k = f + 14. List the prime factors of k.
2, 3
Let u be (-4)/(-2) - (-1)/1. Suppose -7*j - 134 = -5*x - u*j, -2*x = 2*j - 68. Suppose -2*m = f - 4, -2*f = -m + 2 - x. What are the prime factors of f?
2, 3
Let a(g) = g + 1. Let z(o) = o**3 - 4*o**2 - 3*o - 3. Let w be z(5). Let n = w + -3. List the prime factors of a(n).
5
Suppose -3*k - 2*k = -10. Suppose -b - 6 = k. Let i = b + 20. What are the prime factors of i?
2, 3
Let z be ((-3)/(-2))/(1/2). Suppose z*p = 29 + 1. What are the prime factors of p?
2, 5
Let n(i) = -56*i - 5. What are the prime factors of n(-3)?
163
Let f(h) = 2*h**2 + 0*h + 6*h - 2 - 3*h. List the prime factors of f(-5).
3, 11
Let i be (-4)/(2 - 8/6). Let p = 10 + i. What are the prime factors of p?
2
Let o be (1284/(-30))/((-2)/(-10)). List the prime factors of (-6)/8 - o/8.
2, 13
Let h = -5 + 9. Suppose 6 = h*f - f. List the prime factors of f.
2
Let u be 3/6*2*1. List the prime factors of u - (-1 - 1*8).
2, 5
Let m(a) = -a**3 + 8*a**2 + a + 8. Suppose 0 = -u + 2*d - 10, -5*d + 15 = -2*u - 10. Suppose u = -5*o + 15 + 25. List the prime factors of m(o).
2
Let r = 77 + -51. What are the prime factors of r?
2, 13
Let j(n) = 6*n**2 + n - 1. Suppose 0 = -4*g + v + 4 + 2, -g + 2*v + 5 = 0. List the prime factors of j(g).
2, 3
Let z be 5 + (-2 - -4 - 1). Suppose -3*q + z*q - 24 = 0. What are the prime factors of q?
2
Suppose 5*c + 6 = 6*c. Suppose 4*w - c*w + 80 = 0. List the prime factors of w.
2, 5
Let s be (6 + 2)*(-5)/4. Let u be 1/((-26)/(-14) + -2). Let y = u - s. List the prime factors of y.
3
Suppose -2*g = -0*g - 6. Let h = -4 - g. List the prime factors of 2/(2 + h/4).
2
Let u(f) = -5*f**2 + 11*f + 5. Let l(y) = -6*y**2 + 11*y + 4. Let p(z) = -4*l(z) + 5*u(z). What are the prime factors of p(11)?
3
Let a = 84 + -61. List the prime factors of a.
23
What are the prime factors of (1491/(-28))/(-3*(-2)/(-16))?
2, 71
Suppose -3*f + 3*v + 7 = v, -3*v + 2 = -2*f. Suppose -a + 2*b = f*b - 20, -5*a - b = -86. List the prime factors of a.
17
Suppose 0*m + 10 = 2*m. Suppose 3*k - 6*k = -m*c + 28, -c = -2*k - 28. Let x = 26 + k. What are the prime factors of x?
2, 5
Let n = -293 + 413. What are the prime factors of n?
2, 3, 5
Let w(c) = -3*c**3 - 5*c**2 + 2*c - 7. Let f(a) = -5*a**3 - 10*a**2 + 3*a - 13. Let l(g) = -4*f(g) + 7*w(g). List the prime factors of l(5).
13
Suppose 0 = -5*s + i - 7 + 2, 10 = 2*s + 2*i. Suppose s*v - 7 = -v. Suppose 0 = h - 2, j - 4*h - 6 = v. What are the prime factors of j?
3, 7
Let z(m) = 4*m**2 + 0*m**2 - 3*m**2. Let d(p) = -2*p**2 + 3*p - 4. Let f(s) = -d(s) - 3*z(s). What are the prime factors of f(-3)?
2
Let s = -73 - -126. Let o = -24 + s. What are the prime factors of o?
29
Let a = 6 + -5. Suppose -5*r = -i + 8, -4*i + 9 = 4*r + a. List the prime factors of i.
3
Let k = 15 - 22. Let h(c) = -c**3 - 7*c**2 - 2*c + 5. What are the prime factors of h(k)?
19
Let q(r) = -2*r + 21. Let l(f) = -f + 11. Let t(s) = -7*l(s) + 4*q(s). List the prime factors of t(0).
7
What are the prime factors of 38/(-6)*-15 - (-2 - -2)?
5, 19
Suppose 8 = -2*d - 4. What are the prime factors of (-4)/(2 + 16/d)?
2, 3
Let m be (-10)/(-5) + (-2 - -4). Suppose -t = -m*t + 18. What are the prime factors of t?
2, 3
Let f = -22 - -101. What are the prime factors of f?
79
What are the prime factors of (-15)/(2/((-30)/9))?
5
Suppose -3*n = -12, 2*y - 2*n - n - 226 = 0. What are the prime factors of y?
7, 17
Let l = 172 - 87. Suppose k - 33 = -2*j + 19, 3*j = -5*k + l. What are the prime factors of j?
5
Let w(q) be the first derivative of 4*q**3/3 + 5*q**2/2 + 3*q - 1. What are the prime factors of w(-2)?
3
Suppose -2*z + 30 = -4*s, 2*s + 5*z = -2*s + 5. Let j(l) = -l**2 - l. Let d(o) = -o**2 + 2*o - 1. Let n(w) = d(w) - 2*j(w). What are the prime factors of n(s)?
2
Let i(m) = 2 - 5*m + 4*m**2 + 2*m + 2*m - 2*m**2. List the prime factors of i(3).
17
Let i be 2/(-7) - (-2)/7. Let h(f) = -f + 10. What are the prime factors of h(i)?
2, 5
Let v = 685 + -459. What are the prime factors of v?
2, 113
Suppose 38*q = 39*q - 297. List the prime factors of q.
3, 11
Suppose 220 = 4*q - 448. What are the prime factors of q?
167
List the prime factors of 184/18 + 6/(-27).
2, 5
Let p(t) = -2*t + 1. Let j be p(-1). Let h = 5 - j. Suppose -6*m = -h*m - 28. List the prime factors of m.
7
Suppose 5*n - 21 = -2*l, 5*l + 0*l - 38 = 2*n. Suppose 0*w = 3*w + 9, -5*v + 84 = -3*w. Let k = v - l. List the prime factors of k.
7
Let h = 27 - 15. Let f = h + 20. What are the prime factors of f?
2
Let a be (0*(-3)/(-12))/2. Suppose 4*y = -3*h + 5, -5*y - 4*h + 6 = -a. What are the prime factors of y?
2
Let p(k) = -k**3 + 6*k**2 + 8*k - 2. List the prime factors of p(7).
5
What are the prime factors of 10/((-9)/21 + 16/28)?
2, 5, 7
Let m(v) = 9*v - 1. Let h = 2 - -1. Let l = -2 + h. List the prime factors of m(l).
2
Suppose h + h - 2*r - 16 = 0, 2*h + 2*r - 4 = 0. Suppose -h*s + 4*c + 70 = 0, 2*s + 4*c = -0*s + 28. List the prime factors of s.
2, 7
Let w be 12/(33/12 + -2). Let j be (10/(-4))/((-2)/w). Suppose 5*z - j = -0*z. List the prime factors of z.
2
Let q(x) = -x**2 + 21*x - 2. What are the prime factors of q(18)?
2, 13
Let w(m) = -m**2 + 6*m. Let f be w(6). Suppose f = -0*s - 5*s + 45. What are the prime factors of s?
3
Let f(u) = u**3 + 2*u**2 - u - 1. Let n be f(-2). Let w be (-4)/n*(-2)/4. Suppose -34 - w = -4*k. List the prime factors of k.
3
What are the prime factors of 662/6 - 6/(-9)?
3, 37
Suppose 2*m - 10 - 6 = 0. Let t = 0 + m. What are the prime factors of t?
2
Let l be (-2)/(-6) - 23/(-3). Suppose -l = q - 5*q. What are the prime factors of q?
2
Suppose -k = -i - 235, 5*k + 0*k + i = 1199. List the prime factors of k.
239
Let f(a) = -24*a - 22. List the prime factors of f(-7).
2, 73
Let n(v) = v**2 + 3. Suppose 5*p - 3*a = 36, -2*p = -4*p + 5*a + 22. Let d be n(p). Suppose 0 = -0*h - 3*h + d. What are the prime factors of h?
13
Let n(x) = x**3 - x**2 + 2*x - 1. Let r = 8 + -9. Let k = r - -3. What are the prime factors of n(k)?
7
Suppose 43*i - 80 = 39*i. What are the prime factors of i?
2, 5
Suppose t - 5*t = -24. Let r(d) be the third derivative of d**6/120 - d**5/12 - 5*d**4/24 + 4*d**3/3 + d**2. What are the prime factors of r(t)?
2, 7
What are the prime factors of 81/(-135) - (-1 + 226/(-10))?
23
Suppose -p - 400 = -4*o - 3*p, o - 89 = 5*p. List the prime factors of o.
3, 11
List the prime factors of ((-55)/33)/(2/(-36)).
2, 3, 5
Suppose -4*g + 5*y = 2 - 4, 3*g - 2*y - 5 = 0. Suppose g*i + 6 = i. Let d = i - -7. What are the prime factors of d?
2
Suppose 0*h = -5*h + 55. Let l = h + -3. Suppose 2*b - l = 6. List the prime factors of b.
7
Suppose -3*b = 2*b + 4*g - 184, 0 = -4*b - 4*g + 148. What are the prime factors of b?
2, 3
Let c(r) be the third derivative of r**5/60 - r**4/4 - 2*r**3/3 + 2*r**2. Let l be c(7). Let b(x) = 2*x**2 - x - 3. List the prime factors of b(l).
2, 3
Suppose 3*x - j - 114 = j, -3*j = 5*x - 190. List the prime factors of x.
2, 19
Let y = 51 - 29. What are the prime factors of y?
2, 11
List the prime factors of (10 - 4)/(9/186).
2, 31
Let g(b) = 2*b**2 - 5*b + 2. Let p be g(3). Suppose -3*c - 6 = -4*o, 4*c - o + 5 = p*c. What are the prime factors of c?
2
Let s be ((-12)/(-10))/(12/(-30)). List the prime factors of 14*1 - (-6)/s.
2, 3
Let q(h) = h**2 + 4*h - 5. Let r be q(-8). Let a = r - 19. List the prime factors of a.
2
Let n(r) = 6*r**2 + r + 1. Let d be n(-1). Suppose d*s - 9 = s - 2*w, -5*s = 5*w. Suppose 2*p + 2*l = 4, s*l = -p - 0*p. List the prime factors of p.
3
Let m be (3 - 7) + 9 - -3. Suppose -2*c + m = 2. What are the prime factors of c?